
5
What is the units digit of 7015457?
7
What is the ten millions digit of 89338891?
8
What is the millions digit of 126057260?
6
What is the ten millions digit of 4485829256?
8
What is the tens digit of 16980708?
0
What is the tens digit of 55620089?
8
What is the millions digit of 444420985?
4
What is the hundreds digit of 190322988?
9
What is the thousands digit of 328983192?
3
What is the tens digit of 362358233?
3
What is the millions digit of 881592284?
1
What is the hundred thousands digit of 7879129452?
1
What is the ten thousands digit of 2607836498?
3
What is the thousands digit of 50230833?
0
What is the hundred thousands digit of 250076591?
0
What is the thousands digit of 2280000?
0
What is the hundreds digit of 24235718?
7
What is the hundred thousands digit of 93679984?
6
What is the units digit of 124497689?
9
What is the units digit of 17090164?
4
What is the ten millions digit of 1272005004?
7
What is the billions digit of 3428283995?
3
What is the ten millions digit of 437017303?
3
What is the ten millions digit of 1473186810?
7
What is the thousands digit of 1886330087?
0
What is the millions digit of 15819043?
5
What is the thousands digit of 80929199?
9
What is the ten millions digit of 88879113?
8
What is the thousands digit of 8650652307?
2
What is the tens digit of 5225406185?
8
What is the hundred millions digit of 752360422?
7
What is the tens digit of 5360855?
5
What is the units digit of 33851552?
2
What is the hundreds digit of 1296825829?
8
What is the hundred millions digit of 2050115243?
0
What is the tens digit of 17516243?
4
What is the hundreds digit of 773436723?
7
What is the ten thousands digit of 341099681?
9
What is the millions digit of 54754714?
4
What is the hundred millions digit of 375522104?
3
What is the hundreds digit of 11261386?
3
What is the hundred millions digit of 436789671?
4
What is the tens digit of 186306901?
0
What is the thousands digit of 2731030?
1
What is the thousands digit of 234463722?
3
What is the hundreds digit of 75051946?
9
What is the ten thousands digit of 221313402?
1
What is the tens digit of 411318443?
4
What is the units digit of 28368459?
9
What is the tens digit of 405055451?
5
What is the millions digit of 27761899?
7
What is the ten millions digit of 267559007?
6
What is the ten thousands digit of 156453620?
5
What is the units digit of 985349032?
2
What is the thousands digit of 246401474?
1
What is the ten millions digit of 45300918?
4
What is the ten thousands digit of 50383547?
8
What is the ten millions digit of 211586379?
1
What is the hundred millions digit of 341848746?
3
What is the units digit of 95206339?
9
What is the ten thousands digit of 168379303?
7
What is the hundreds digit of 2933417996?
9
What is the hundred millions digit of 164605538?
1
What is the thousands digit of 3507018956?
8
What is the units digit of 1503013033?
3
What is the billions digit of 3535466019?
3
What is the ten millions digit of 154259714?
5
What is the ten millions digit of 347551360?
4
What is the ten thousands digit of 431994274?
9
What is the billions digit of 3860272842?
3
What is the ten millions digit of 52589500?
5
What is the units digit of 71792142?
2
What is the tens digit of 917793661?
6
What is the ten thousands digit of 50157697?
5
What is the hundreds digit of 774326186?
1
What is the thousands digit of 62310593?
0
What is the hundred thousands digit of 643559488?
5
What is the hundred millions digit of 3087188257?
0
What is the hundreds digit of 3740991274?
2
What is the tens digit of 7572799990?
9
What is the hundred millions digit of 599892657?
5
What is the ten thousands digit of 128683923?
8
What is the thousands digit of 279687137?
7
What is the thousands digit of 55026876?
6
What is the ten millions digit of 16853944?
1
What is the ten thousands digit of 1163109458?
0
What is the billions digit of 2362189517?
2
What is the thousands digit of 1589058913?
8
What is the millions digit of 613927841?
3
What is the hundred thousands digit of 64274008?
2
What is the hundreds digit of 538510979?
9
What is the tens digit of 1089491?
9
What is the ten millions digit of 208902639?
0
What is the ten thousands digit of 64552271?
5
What is the ten thousands digit of 56073331?
7
What is the units digit of 3824433941?
1
What is the millions digit of 155314011?
5
What is the units digit of 251850608?
8
What is the hundred thousands digit of 1010460656?
4
What is the units digit of 1031725946?
6
What is the tens digit of 89287882?
8
What is the hundreds digit of 442757963?
9
What is the ten millions digit of 142064343?
4
What is the hundreds digit of 2494169062?
0
What is the ten thousands digit of 1474874427?
7
What is the thousands digit of 1028842412?
2
What is the tens digit of 438498877?
7
What is the ten thousands digit of 27084007?
8
What is the ten millions digit of 71905285?
7
What is the units digit of 82779592?
2
What is the ten thousands digit of 44033245?
3
What is the hundreds digit of 2101428572?
5
What is the tens digit of 51620356?
5
What is the hundred millions digit of 6338875951?
3
What is the hundreds digit of 1843120028?
0
What is the ten thousands digit of 4605951357?
5
What is the ten millions digit of 205875598?
0
What is the units digit of 100165207?
7
What is the hundred thousands digit of 19009016?
0
What is the units digit of 30698080?
0
What is the ten thousands digit of 117819796?
1
What is the tens digit of 1159670881?
8
What is the thousands digit of 1762319537?
9
What is the hundred millions digit of 3204230908?
2
What is the thousands digit of 83356427?
6
What is the ten millions digit of 475502810?
7
What is the tens digit of 167764288?
8
What is the ten thousands digit of 23744264?
4
What is the ten thousands digit of 178300186?
0
What is the ten millions digit of 46773420?
4
What is the hundred millions digit of 188772959?
1
What is the hundred millions digit of 2856369892?
8
What is the thousands digit of 38640543?
0
What is the hundred thousands digit of 1575813908?
8
What is the hundred thousands digit of 32906740?
9
What is the ten thousands digit of 837638776?
3
What is the hundreds digit of 1776358554?
5
What is the units digit of 2596606585?
5
What is the units digit of 361193187?
7
What is the hundred millions digit of 138336253?
1
What is the millions digit of 6347393792?
7
What is the tens digit of 10838840?
4
What is the ten millions digit of 32471281?
3
What is the tens digit of 8021368?
6
What is the ten thousands digit of 3159686440?
8
What is the tens digit of 308276041?
4
What is the tens digit of 203340961?
6
What is the thousands digit of 108830732?
0
What is the units digit of 29626874?
4
What is the tens digit of 11656336?
3
What is the hundred thousands digit of 753802146?
8
What is the ten thousands digit of 4889367286?
6
What is the thousands digit of 86251237?
1
What is the hundred thousands digit of 165248637?
2
What is the units digit of 4877157773?
3
What is the units digit of 1148279556?
6
What is the hundred thousands digit of 207260519?
2
What is the ten thousands digit of 343495747?
9
What is the hundreds digit of 804528962?
9
What is the tens digit of 171921135?
3
What is the units digit of 4891962250?
0
What is the hundreds digit of 120470724?
7
What is the units digit of 106358841?
1
What is the millions digit of 382916921?
2
What is the thousands digit of 1284859911?
9
What is the hundred millions digit of 550023034?
5
What is the ten thousands digit of 10568103?
6
What is the hundreds digit of 99983283?
2
What is the units digit of 2085135288?
8
What is the tens digit of 1298903735?
3
What is the tens digit of 3326753523?
2
What is the units digit of 8721932684?
4
What is the ten thousands digit of 7060190875?
9
What is the ten millions digit of 17819308?
1
What is the billions digit of 6859889846?
6
What is the ten millions digit of 80594946?
8
What is the ten millions digit of 3204779233?
0
What is the tens digit of 1024873658?
5
What is the hundreds digit of 4116493824?
8
What is the hundreds digit of 166606899?
8
What is the millions digit of 2579741423?
9
What is the ten thousands digit of 5629796466?
9
What is the ten millions digit of 67965104?
6
What is the tens digit of 29131256?
5
